.
17
Let q(m) = -3*m + 308. Determine q(90).
38
Let o(v) = 90*v + 189. Calculate o(-5).
-261
Let r(b) = -26*b - 3775. Determine r(-145).
-5
Let q(i) = i**3 + 3*i**2 - 6*i - 27. Give q(-2).
-11
Let u(r) = 25*r**2 - 366*r - 140. Give u(15).
-5
Let f(w) = 3*w**2 + 20*w - 9. What is f(-7)?
-2
Let w(x) = 18*x**3 + 3*x - 4. Determine w(2).
146
Let m(n) = -n**3 - 17*n**2 - 28*n - 9. Calculate m(-6).
-237
Let v(y) = 3*y**2 - 187*y + 2598. What is v(41)?
-26
Let k(s) = -226*s - 5. Give k(0).
-5
Let x(m) = -m**2 + 910*m - 2723. Give x(3).
-2
Let x(l) = 42*l**2 - l - 7. What is x(4)?
661
Let a(o) = -o**3 + 19*o**2 - 45*o - 13. What is a(15)?
212
Let j(t) = -451*t + 12629. Determine j(28).
1
Let g(n) = -n**3 + 97*n**2 + 116*n + 8141. What is g(99)?
23
Let a(k) = k**3 - 25*k**2 - 350*k - 52. Give a(35).
-52
Let j(s) = -12*s - 29. Calculate j(-7).
55
Let x(i) = 84*i**2 - 68*i + 122. Give x(2).
322
Let b(d) = -d**2 + 41*d - 180. Determine b(4).
-32
Let v(g) = 5*g**2 + 87*g - 405. Determine v(-21).
-27
Let b(h) = 138*h + 1971. Determine b(-14).
39
Let t(z) = z**3 + 5*z**2 + 2*z - 7. Calculate t(2).
25
Let j(n) = 31*n**2 + 81*n - 147. Determine j(2).
139
Let n(w) = -w**3 + 33*w**2 + 67*w + 181. Give n(35).
76
Let g(r) = 9*r**2 - 219*r + 13. Calculate g(24).
-59
Let d(w) = 13*w**2 + 132*w + 5. Give d(-10).
-15
Let q(g) = -23*g**3 + 70*g**2 - 21*g + 12. What is q(3)?
-42
Let x(h) = 125*h + 876. Determine x(-7).
1
Let s(w) = 1535*w - 1548. What is s(1)?
-13
Let z(l) = 31*l + 269. Determine z(-25).
-506
Let s(u) = u**3 - 16*u**2 - 14*u + 23. Give s(16).
-201
Let l(i) = -5*i**2 + 37*i + 2. Determine l(7).
16
Let w(h) = -h**3 - 12*h**2 - 41*h - 46. Determine w(-11).
284
Let a(w) = w**3 - 4*w**2 - w + 3. Determine a(1).
-1
Let t(v) = 37*v - 43. Give t(8).
253
Let o(d) = 211*d + 417. Determine o(-2).
-5
Let f(z) = -z**3 + 55*z**2 + 2*z + 78. Give f(55).
188
Let b(g) = -3*g**2 + 174*g - 927. Determine b(52).
9
Let y(f) = -6*f**3 - 2*f**2 - f - 4. Determine y(-3).
143
Let y(d) = d**3 + 32*d**2 - 71*d - 56. Determine y(-34).
46
Let m(l) = l**2 - 259*l + 6142. Determine m(27).
-122
Let n(z) = -15*z**2 - 50*z. Calculate n(-2).
40
Let n(s) = 7*s + 21. What is n(-1)?
14
Let k(q) = 204*q - 298. Determine k(1).
-94
Let a(j) = 7*j + 165. What is a(-19)?
32
Let w(z) = z**3 - 9*z**2 - 16*z + 16. Give w(9).
-128
Let g(c) = -5*c**2 - 13*c + 8. What is g(-5)?
-52
Let c(n) = -n**2 - 1276*n + 33823. What is c(26)?
-29
Let l(c) = c**3 - 5*c**2 + 26*c - 140. Determine l(5).
-10
Let d(g) = -2*g**2 + 272*g - 1061. What is d(4)?
-5
Let b(t) = t**3 + 68*t**2 + 265*t - 3159. What is b(-63)?
-9
Let h(z) = 1027*z - 2034. Calculate h(2).
20
Let m(x) = -x**2 + 47*x + 216. Calculate m(51).
12
Let p(a) = -a - 48. Give p(-9).
-39
Let o(d) = -d**2 + 55*d - 346. Determine o(48).
-10
Let o(m) = 116*m + 4187. Calculate o(-36).
11
Let c(d) = 3*d**3 - 20*d**2 - 40*d + 240. What is c(7)?
9
Let r(h) = 25*h**2 - 701*h + 42. Give r(28).
14
Let u(r) = 2*r**3 + 340*r**2 + 340*r + 335. Give u(-169).
-3
Let o(t) = 2*t**3 + 10. Give o(-2).
-6
Let o(s) = -458*s**3 - 2291*s**2 - 4*s - 11. Calculate o(-5).
-16
Let t(i) = -4*i**3 + 6426*i**2 + 6427*i + 2. What is t(-1)?
5
Let r(t) = 12*t**2 + 318*t - 916. Calculate r(-29).
-46
Let x(k) = 36*k + 108. Give x(-6).
-108
Let h(c) = c**3 - 12*c**2 + 20. What is h(0)?
20
Let s(p) = -2*p**2 + 8*p + 84. Determine s(-5).
-6
Let i(u) = -264*u - 507. What is i(-2)?
21
Let a(j) = j**2 - 19*j + 29. Give a(19).
29
Let p(b) = -2*b**2 - 2*b + 29. Calculate p(-7).
-55
Let n(a) = 41*a**2 - 6*a + 9. What is n(2)?
161
Let c(n) = -22*n**2 - 203*n - 26. What is c(-9)?
19
Let h(g) = -g**3 - 12*g**2 - 547*g - 5901. Give h(-11).
-5
Let y(m) = -m**2 - 133*m + 966. Calculate y(7).
-14
Let x(t) = -6*t**2 - 36*t - 23. What is x(-8)?
-119
Let k(h) = -h**2 + 67*h + 437. What is k(73)?
-1
Let n(h) = 26*h + 44. Give n(-8).
-164
Let z(f) = -62*f + 3353. What is z(54)?
5
Let s(a) = 94*a**2 - 1058*a + 262. What is s(11)?
-2
Let y(s) = -23*s - 125. Give y(-4).
-33
Let t(g) = -168*g - 500. What is t(-3)?
4
Let g(t) = 145*t - 1952. Give g(14).
78
Let j(k) = k**3 + 22*k**2 + 5*k + 83. What is j(-22)?
-27
Let d(g) = -g**2 - 88*g - 505. What is d(-7)?
62
Let o(f) = -10*f**2 + 215*f - 774. Calculate o(17).
-9
Let d(r) = 2*r**3 - 59*r**2 - 29*r - 74. Determine d(30).
-44
Let k(w) = 67*w + 1128. Give k(-17).
-11
Let c(r) = -2*r**3 + 23*r**2 + 335*r + 39. What is c(20)?
-61
Let f(q) = q**2 + 437*q + 16249. What is f(-41)?
13
Let v(r) = r**2 + 15*r + 69. Determine v(-13).
43
Let d(g) = -3*g**2 - 16*g + 1664. What is d(21)?
5
Let q(j) = 40*j + 3758. Determine q(-96).
-82
Let f(o) = 536*o - 6434. Determine f(12).
-2
Let q(b) = b**2 - 17*b - 44. Determine q(17).
-44
Let a(o) = 2*o**3 - 16*o**2 + 16*o + 82. Give a(5).
12
Let y(p) = 431*p - 14682. Give y(34).
-28
Let b(n) = 14*n**2 - 193*n + 17. What is b(12)?
-283
Let k(t) = -t**2 + 103*t - 1170. Give k(13).
0
Let q(f) = f**2 + 12*f + 54. What is q(-14)?
82
Let s(b) = b**3 - 24*b**2 + 49*b - 655. Determine s(23).
-57
Let y(f) = -126*f - 1624. Calculate y(-13).
14
Let y(d) = -d**3 - 3*d**2 + 10*d + 22. Give y(-4).
-2
Let q(z) = 305*z + 24104. Calculate q(-79).
9
Let o(m) = -18*m - 38. Give o(-13).
196
Let f(p) = 8*p**2 + 47*p - 366. Calculate f(7).
355
Let c(k) = -425*k - 3048. Determine c(-7).
-73
Let n(w) = -3*w**3 + 30*w**2 + 111*w + 87. What is n(13)?
9
Let f(k) = -2*k**2 - 50*k + 185. Determine f(4).
-47
Let g(v) = -4*v**2 + 45*v - 7. What is g(8)?
97
Let w(x) = -x**2 + 42*x + 349. Determine w(-7).
6
Let a(w) = 65*w - 1683. Calculate a(26).
7
Let j(p) = 8*p + 259. Give j(-30).
19
Let h(s) = 2*s**3 + 567*s**2 - 5569*s - 591. Determine h(-293).
-5
Let u(v) = v**3 - 8*v**2 + 45*v - 187. What is u(6)?
11
Let o(f) = 72*f + 858. What is o(-8)?
282
Let z(a) = -43*a - 178. Determine z(-3).
-49
Let g(i) = 6*i**2 - 111*i - 26. Determine g(19).
31
Let j(b) = -244*b + 5. What is j(-2)?
493
Let l(r) = 551*r - 27017. Determine l(49).
-18
Let f(q) = -49*q - 107. Determine f(-4).
89
Let n(j) = j**3 - 10*j**2 - 27*j + 46. Give n(12).
10
Let y(q) = 899*q - 11627. What is y(13)?
60
Let t(f) = -226*f + 2740. Determine t(12).
28
Let d(c) = -34*c + 300. Give d(11).
-74
Let g(t) = t**3 - 150*t**2 + 4025*t + 2. Calculate g(115).
2
Let u(b) = -7*b**3 + 480*b**2 - 264*b - 540. What is u(68)?
4
Let u(d) = -13*d**2 + 96*d - 55. Calculate u(7).
-20
Let g(y) = -y**3 + 26*y**2 - 26*y + 6. Calculate g(25).
-19
Let v(j) = -j**3 - 10*j**2 - 63*j - 231. What is v(-6)?
3
Let l(p) = -4*p**2 - 745*p - 2188. Determine l(-3).
11
Let v(u) = -123*u**3 - 3*u**2 - 7*u - 5. Give v(-1).
122
Let y(d) = -d**3 - 51*d**2 + 266*d - 778. Determine y(-56).
6
Let r(p) = -p**3 - 155*p + 1424. Determine r(7).
-4
Let j(h) = h**3 - 2*h**2 - 18*h - 4. Calculate j(-10).
-1024
Let j(o) = -26*o**2 + 128*o + 9. Give j(5).
-1
Let g(p) = -288*p + 923. Determine g(3).
59
Let x(p) = p**2 + 33483*p + 100445. Give x(-3).
5
Let t(n) = -n**2 + 350*n - 1744. Calculate t(5).
-19
Let m(c) = -c**2 - 32*c - 185. Determine m(-13).
62
Let z(l) = -156*l + 1878. Calculate z(12).
6
Let f(h) = -h**2 + 204*h + 22701. What is f(-80)?
-19
Let a(t) = -2*t**2 - 55*t - 585. What is a(-18)?
-243
Let r(i) = 9*i**3 - 12*i**2 + 45*i + 57. What is r(-1)?
-9
Let f(t) = t**2 + 7*t - 515. Give f(-26).
-21
Let j(f) = -8*f**2 + 825*f - 39. Calculate j(103).
64
Let s(v) = 60*v + 4400. Determine s(-73).
20
Let g(x) = -6*x**2 + 17*x + 1. Calculate g(3).
-2
Let j(r) = -r**2 - 123*r + 1918. Determine j(-137).
0
Let s(b) = 2*b**3 + 73*b**2 - 36*b - 165. What is s(-37)?
-202
Let u(p) = -2*p**3 + 72*p**2 - 139*p + 32. Determine u(34).
-70
Let m(g) = -32*g - 205. Calculate m(-7).
19
Let k(a) = -73*a + 1000. Give k(13).
51
Let q(z) = z**2 - 42*z + 464. Determine q(11).
123
Let c(v) = 18*v**2 + 29. What is c(-3)?
191
Let a(y) = y**3 + 15*y**2 + 16*y - 15. Determine a(-14).
-43
Let b(h) = -481*h + 31277. Give b(65).
12
Let n(x) = -10*x**2 + 6*x + 45. Calculate n(4).
-91
Let f(c) = 3*c**2 - 171*c - 375. What is f(59)?
-21
Let u(x) = -190*x + 1466. Calculate u(8).
-54
Let a(o) = -5*o**2 - 3*o + 50. What is a(6)?
-148
Let c(q) = 496*q - 93749. Calculate c(189).
-5
Let t(r) = -1954*r - 33225. What is t(-17)?
-7
Let q(w) = 8*w**2 + 583*w + 474. What is q(-72)?
-30
Let r(s